t l = 11 + -6. Suppose -10 = l*i, a - 76 = -3*a - 2*i. Suppose -5*h - 5*q + 20 = 0, 1 = 5*h + 4*q - 23. What is the highest common factor of a and h?
4
Let u be 198 + -3 + 3 + 0. Suppose g = -g + u. Calculate the greatest common factor of g and 11.
11
Let c be (-4748)/(-22) + 4/22. Suppose 351 = 15*o - 54. What is the highest common factor of c and o?
27
Let v(r) = -r**3 + r**2 - r + 1. Let c be v(0). Let g be ((-8)/32)/(c/(-44)). What is the highest common divisor of g and 88?
11
Let t(h) = h + 28. Let u be t(12). Calculate the greatest common divisor of 8 and u.
8
Let k = 303 + -199. What is the greatest common factor of 13 and k?
13
Let g be (-42)/(-4) + 1/2. What is the highest common divisor of g and 77?
11
Let k = 6 - 1. Suppose 4*d = -k*t + 38, -5*t = -4*d - 22 + 80. Suppose 0*g + d = 4*g. Calculate the greatest common divisor of g and 24.
3
Let m = -22 - -23. What is the greatest common factor of 3 and m?
1
Let k = -20 - -36. Calculate the greatest common divisor of k and 112.
16
Let g be 226 - (3/(-4 + 3) + 4). What is the highest common factor of 45 and g?
45
Suppose 4*a = 2*a + 12. What is the highest common factor of a and 3?
3
Let f(a) = 2*a**2 - 8*a + 6. Let p be f(7). Let c be -4*(-9)/p*4. Calculate the highest common divisor of c and 15.
3
Let v(w) = w**3 - 8*w**2 - 2*w + 7. Let b be v(8). Let k = b - -16. Let c = 23 + -16. Calculate the greatest common divisor of k and c.
7
Let c be (4*6)/(1/3). Let s(j) = -j - 1. Let y be s(-7). Suppose -l - 40 = -y*l. What is the greatest common factor of l and c?
8
Let i = 0 - 0. Suppose 5*z = -i*z + 175. Let o = -6 - -11. Calculate the greatest common divisor of o and z.
5
Suppose 2*a - 23 = -2*n + 7, -n - 7 = -a. Suppose -j + 5*j = 176. What is the greatest common factor of j and a?
11
Let v = -2 - -15. Let s = -7 + 72. Calculate the greatest common divisor of s and v.
13
Let m = 11 - 7. Suppose 2*a - 4*b = 82, m*a - 2*b - 107 = a. What is the highest common divisor of a and 3?
3
Let z(v) = 8*v + 33*v + 2 - 6. Let a be z(6). What is the highest common divisor of 22 and a?
22
Let w be ((-4)/(-3))/(5/(420/8)). Calculate the greatest common factor of w and 98.
14
Let a(d) = -d - 4. Let u be a(-6). Suppose 0 = -y + g - 4, -y + u = 5*g - 0. Let j = 5 + y. Calculate the greatest common factor of j and 5.
1
Let v = -26 - -33. Calculate the highest common factor of v and 1.
1
Suppose -87 + 17 = -5*f. Let p(h) = h**3 - 11*h**2 + 10*h + 9. Let c be p(10). Let k = c + 5. What is the highest common divisor of f and k?
14
Suppose -292 = -15*d + 518. What is the greatest common divisor of d and 162?
54
Let h = 10 + -9. Let a be h/(-4) - (-261)/36. What is the greatest common factor of 7 and a?
7
Let q = 66 - 39. What is the greatest common divisor of q and 9?
9
Suppose 2*r + 9 = 2*c - r, -27 = -4*c + 3*r. What is the highest common factor of 9 and c?
9
Let j be -10 + 9 - (-1 + -48). What is the highest common factor of 64 and j?
16
Let x(y) = y + 6. Let j be x(0). Let s be ((-9)/j)/(2/(-4)). Suppose 4*z = s*a - 23, 0*a - 4*a - 3*z = -14. Calculate the greatest common factor of 10 and a.
5
Suppose -z = 4*v - 6, z + 4*v = -2*z + 10. Calculate the highest common divisor of 2 and z.
2
Let j(r) = 7*r - 4. Let m be j(4). Let c = -5 + 9. Suppose -c*t + 13 = 3*n - 212, -3*t + 2*n + 190 = 0. Calculate the highest common factor of m and t.
12
Suppose -v + 21 = -3. Let r be (-1)/(2 + (-51)/24). What is the greatest common divisor of r and v?
8
Let s be (-6)/(-15) + (-721)/(-35). What is the greatest common factor of 105 and s?
21
Let y be -3*1/5*-10. Suppose -3*g + 39 = -y. What is the highest common divisor of 6 and g?
3
Let y = 4 + 7. Let f be 2*-2*10/(-8). Suppose -f*h + 44 = -h. What is the greatest common divisor of y and h?
11
Let h be ((-2)/4)/(1/(-2)). Let r = 7 + h. What is the highest common divisor of 64 and r?
8
Let z be 4/6 + 115/3. Suppose -17 = -v - 4*s, 0 = -2*v + 4*s + s + 21. What is the highest common factor of z and v?
13
Suppose -q - 210 = -6*q. Suppose l + q = 4*l. Let u be ((-1)/(-2))/(1/70). Calculate the highest common factor of u and l.
7
Suppose -4*y + 4*a = -y - 177, -4*a - 114 = -2*y. Calculate the greatest common factor of y and 21.
21
Suppose 8*a - 3*a = 40. Suppose 2*p = -2*p + 352. What is the greatest common factor of a and p?
8
Suppose b - s = 30, 5*s = 3*b - 74 - 20. What is the highest common factor of 42 and b?
14
Let d be 10/(2 + 0)*(-936)/(-130). Suppose 48 = 3*c + 12. Calculate the greatest common divisor of d and c.
12
Let f be 0 - (18/(-99) - 2770/11). What is the greatest common factor of 21 and f?
21
Let m be (2/(-5))/(1/(-165)). Let w be -5*1*(-4)/20 - -5. Calculate the greatest common factor of m and w.
6
Let x(u) = 5*u**2 + 2*u - 2. Let r be x(1). What is the greatest common factor of r and 60?
5
Suppose -5*o + 32 - 12 = 0. Calculate the highest common factor of o and 36.
4
Suppose 0 = -2*g - 5*i + 18, -2*i = -3*g - 0*i + 27. Let y = -13 + 20. Suppose 9*f - 2 = y*f. Calculate the greatest common divisor of g and f.
1
Suppose -5*i + 5*l - 5 = 0, -3 + 11 = -3*i + 4*l. Let j be 6 + 1/(i/(-4)). Calculate the highest common factor of j and 50.
5
Suppose 717 - 145 = 4*f. Let p(j) = -2*j**2 + 15*j - 5. Let s be p(6). Calculate the greatest common factor of f and s.
13
Let g be (0 + -1)/((-4)/12). Suppose -4*q - 21 = -q. Let w = -4 - q. What is the greatest common factor of g and w?
3
Let u = -7 + 58. What is the highest common divisor of u and 17?
17
Suppose -m - 2*m + 6 = 0. Suppose -2*x + 69 - 5 = 4*b, -m*x - 3*b = -60. Calculate the greatest common divisor of x and 6.
6
Let f(v) = 6*v - 4. Let l be f(3). Let t = 10 - 7. Suppose -t*y = y - 56. What is the greatest common factor of y and l?
14
Let n(q) = -q**2 + 6*q + 4. Let o be n(5). Suppose 0 = -4*u + 11 + 5. Let x = o - u. What is the greatest common factor of 15 and x?
5
Let a = -9 - -32. Suppose -u = -0*u - a. What is the highest common divisor of 207 and u?
23
Let l be (-6)/(25 - 1)*-24. Suppose 9*s - k - 86 = 4*s, -3*s + 2*k = -46. Calculate the greatest common divisor of s and l.
6
Suppose -a - a = -150. Let d = 20 - 5. Calculate the highest common factor of d and a.
15
Suppose 0 = 2*k - 3 + 23. Let r = k + 25. What is the highest common factor of 135 and r?
15
Let z be -1*3*(-2)/(-6) + 199. Let f(v) = v**2 - 2*v + 3. Let p be f(-3). What is the highest common factor of z and p?
18
Let a be (-4)/10 - (-34)/10. Suppose -9*m - t + 104 = -6*m, 0 = t - 5. What is the greatest common divisor of a and m?
3
Suppose -5*f + 2*t = -13 - 110, -2*f + 47 = -3*t. Calculate the greatest common factor of 200 and f.
25
Suppose -100 = -4*y - 7*h + 5*h, -124 = -4*y + 4*h. Calculate the highest common divisor of y and 243.
27
Suppose -12*y + 1300 = -2*y. What is the greatest common factor of y and 26?
26
Let o(b) = -36*b. Suppose 0*t - 20 = -5*t, 2*i - t = -6. Let u be o(i). Calculate the highest common divisor of u and 12.
12
Let h(x) = 8*x - 8. Let i be h(4). Calculate the greatest common divisor of 192 and i.
24
Suppose 3 = g + 2*u, -g - 5 = 4*u - 4. Suppose 3*t = 2*t + g. Suppose -2*v + t*v + n - 85 = 0, 5*v - 3*n = 85. What is the greatest common divisor of 51 and v?
17
Suppose -2*r = -0*r - 4. Suppose 3*o + 3*n - 73 = -r*o, -5*n + 5 = 0. Calculate the highest common divisor of o and 42.
14
Let u be (0 + 3)/(-3) - -121. Suppose -y = 3*y - u. Let z(p) = -2*p**3 - 2*p**2 + 3*p + 3. Let q be z(-2). What is the greatest common factor of y and q?
5
Suppose 2*n + 4*g = 0, 5*n - 9 = 4*n - 5*g. Let f be n*(-2 - 0)*1. Calculate the highest common factor of 8 and f.
4
Let i be -11*(-2)/1*1. Let t be 22/2 + (-12)/4. Suppose -t*d + 4*d = -m + 35, 5*m - 5*d = 250. What is the greatest common factor of i and m?
11
Suppose -80 = -x - 3. Suppose 0 = m - 2. Suppose -18 = -2*r + l, 1 = -r - m*l - 0. Calculate the highest common factor of r and x.
7
Suppose -58 = 4*r - 414. Let c = -41 + r. Let g(b) = b + 3. Let o be g(3). Calculate the greatest common factor of o and c.
6
Let i(f) = -5*f - 35. Let l be i(-16). Let a(y) = 2*y - 7. Let t be a(6). What is the greatest common factor of t and l?
5
Suppose 3*n - 4 = 2. Let r be (-2)/((-8)/(-3))*-4. Let z = r + n. What is the highest common factor of 15 and z?
5
Let j = 103 - 58. Calculate the hig